{"id":72,"date":"2023-04-18T14:17:17","date_gmt":"2023-04-18T12:17:17","guid":{"rendered":"https:\/\/www.amarante.paris\/?page_id=72"},"modified":"2026-01-31T11:56:54","modified_gmt":"2026-01-31T10:56:54","slug":"preambule-2","status":"publish","type":"page","link":"https:\/\/www.amarante.paris\/?page_id=72","title":{"rendered":"pr\u00e9ambule"},"content":{"rendered":"\n<p style=\"margin-top:0;margin-right:0;margin-bottom:0;margin-left:0\"><strong>avertissements<\/strong> pour ne pas faire d&rsquo;erreurs de casting\u2026 Si vous aimez les viandes un peu grasses, si vous aimez les viandes et les poissons pas trop cuits, si vous aimez le beurre, si vous avez un bon app\u00e9tit, si vous n&rsquo;aimez pas le coca cola, si vous n&rsquo;aimez pas les plats relev\u00e9s et si vous ne pr\u00e9f\u00e9rez pas le cadre, le graphisme des plats aux produits tr\u00e8s bien choisis, aux cuissons justes et g\u00e9n\u00e9reuses et aux vins de terroir ayant le go\u00fbt de raisin : vous pouvez regardez la carte\u2026merci beaucoup\u2026 Ha j&rsquo;oubliais, les assiettes viennent de la maison Jars (entre Lyon et Valence, le mod\u00e8le s\u2019appelle CANTINE\ud83d\ude03) ce n\u2019est pas un hasard\u2026 Cuisine familiale de produits d&rsquo;exception pour des palais avertis( ne convient pas aux enfants!)<br>pour voir si c\u2019est votre style regardez les photos , allez sur google, instagram :<\/p>\n\n\n\n<ul class=\"wp-block-social-links is-style-logos-only is-layout-flex wp-block-social-links-is-layout-flex\"><li class=\"wp-social-link wp-social-link-instagram  wp-block-social-link\"><a href=\"https:\/\/www.instagram.com\/amarante.paris\/?utm_medium=copy_link&#038;hl=fr\" class=\"wp-block-social-link-anchor\"><svg width=\"24\" height=\"24\" viewBox=\"0 0 24 24\" version=\"1.1\" xmlns=\"http:\/\/www.w3.org\/2000\/svg\" aria-hidden=\"true\" focusable=\"false\"><path d=\"M12,4.622c2.403,0,2.688,0.009,3.637,0.052c0.877,0.04,1.354,0.187,1.671,0.31c0.42,0.163,0.72,0.358,1.035,0.673 c0.315,0.315,0.51,0.615,0.673,1.035c0.123,0.317,0.27,0.794,0.31,1.671c0.043,0.949,0.052,1.234,0.052,3.637 s-0.009,2.688-0.052,3.637c-0.04,0.877-0.187,1.354-0.31,1.671c-0.163,0.42-0.358,0.72-0.673,1.035 c-0.315,0.315-0.615,0.51-1.035,0.673c-0.317,0.123-0.794,0.27-1.671,0.31c-0.949,0.043-1.233,0.052-3.637,0.052 s-2.688-0.009-3.637-0.052c-0.877-0.04-1.354-0.187-1.671-0.31c-0.42-0.163-0.72-0.358-1.035-0.673 c-0.315-0.315-0.51-0.615-0.673-1.035c-0.123-0.317-0.27-0.794-0.31-1.671C4.631,14.688,4.622,14.403,4.622,12 s0.009-2.688,0.052-3.637c0.04-0.877,0.187-1.354,0.31-1.671c0.163-0.42,0.358-0.72,0.673-1.035 c0.315-0.315,0.615-0.51,1.035-0.673c0.317-0.123,0.794-0.27,1.671-0.31C9.312,4.631,9.597,4.622,12,4.622 M12,3 C9.556,3,9.249,3.01,8.289,3.054C7.331,3.098,6.677,3.25,6.105,3.472C5.513,3.702,5.011,4.01,4.511,4.511 c-0.5,0.5-0.808,1.002-1.038,1.594C3.25,6.677,3.098,7.331,3.054,8.289C3.01,9.249,3,9.556,3,12c0,2.444,0.01,2.751,0.054,3.711 c0.044,0.958,0.196,1.612,0.418,2.185c0.23,0.592,0.538,1.094,1.038,1.594c0.5,0.5,1.002,0.808,1.594,1.038 c0.572,0.222,1.227,0.375,2.185,0.418C9.249,20.99,9.556,21,12,21s2.751-0.01,3.711-0.054c0.958-0.044,1.612-0.196,2.185-0.418 c0.592-0.23,1.094-0.538,1.594-1.038c0.5-0.5,0.808-1.002,1.038-1.594c0.222-0.572,0.375-1.227,0.418-2.185 C20.99,14.751,21,14.444,21,12s-0.01-2.751-0.054-3.711c-0.044-0.958-0.196-1.612-0.418-2.185c-0.23-0.592-0.538-1.094-1.038-1.594 c-0.5-0.5-1.002-0.808-1.594-1.038c-0.572-0.222-1.227-0.375-2.185-0.418C14.751,3.01,14.444,3,12,3L12,3z M12,7.378 c-2.552,0-4.622,2.069-4.622,4.622S9.448,16.622,12,16.622s4.622-2.069,4.622-4.622S14.552,7.378,12,7.378z M12,15 c-1.657,0-3-1.343-3-3s1.343-3,3-3s3,1.343,3,3S13.657,15,12,15z M16.804,6.116c-0.596,0-1.08,0.484-1.08,1.08 s0.484,1.08,1.08,1.08c0.596,0,1.08-0.484,1.08-1.08S17.401,6.116,16.804,6.116z\"><\/path><\/svg><span class=\"wp-block-social-link-label screen-reader-text\">Instagram<\/span><\/a><\/li>\n\n<li class=\"wp-social-link wp-social-link-google  wp-block-social-link\"><a href=\"https:\/\/www.google.com\/search?newwindow=1&#038;client=firefox-b-m&#038;sxsrf=APwXEdc86Ki1JjmVmo3xrboRNqC6l60mpg:1682457423602&#038;q=amarante+restaurant&#038;tbm=isch&#038;sa=X&#038;ved=2ahUKEwjxktWo-sX-AhVkUqQEHe4TAOgQ0pQJegQIChAB&#038;biw=390&#038;bih=665&#038;dpr=3https:\/\/www.google.com\/maps\/place\/amarante+restaurant\/@48.8496126,2.3701156,3a,75y,90t\/data=!3m8!1e2!3m6!1sAF1QipMIjXbjBgrH9qAlMZx2ys0d8DaE_lCGNq0vz4rI!2e10!3e12!6shttps:%2F%2Flh5.googleusercontent.com%2Fp%2FAF1QipMIjXbjBgrH9qAlMZx2ys0d8DaE_lCGNq0vz4rI%3Dw224-h298-k-no!7i3072!8i4080!4m19!1m9!3m8!1s0x47e67203c7cf6689:0xd65de9f65c19bd62!2samarante+restaurant!8m2!3d48.8496126!4d2.3701156!9m1!1b1!16s%2Fg%2F11b781bvx8!3m8!1s0x47e67203c7cf6689:0xd65de9f65c19bd62!8m2!3d48.8496126!4d2.3701156!10e5!14m1!1BCgIgAQ!16s%2Fg%2F11b781bvx8\" class=\"wp-block-social-link-anchor\"><svg width=\"24\" height=\"24\" viewBox=\"0 0 24 24\" version=\"1.1\" xmlns=\"http:\/\/www.w3.org\/2000\/svg\" aria-hidden=\"true\" focusable=\"false\"><path d=\"M12.02,10.18v3.72v0.01h5.51c-0.26,1.57-1.67,4.22-5.5,4.22c-3.31,0-6.01-2.75-6.01-6.12s2.7-6.12,6.01-6.12 c1.87,0,3.13,0.8,3.85,1.48l2.84-2.76C16.99,2.99,14.73,2,12.03,2c-5.52,0-10,4.48-10,10s4.48,10,10,10c5.77,0,9.6-4.06,9.6-9.77 c0-0.83-0.11-1.42-0.25-2.05H12.02z\"><\/path><\/svg><span class=\"wp-block-social-link-label screen-reader-text\">Google<\/span><\/a><\/li><\/ul>\n\n\n\n<p><strong>r\u00e9servations<\/strong> : 0767332125<br>de pr\u00e9f\u00e9rences : sms\/texto 24\/24<br>ou e-mail : contact@amarante.paris<\/p>\n\n\n\n<p><strong>pour les num\u00e9ros \u00e9trangers: uniquement texte sur whatsapp:<\/strong><\/p>\n\n\n\n<ul class=\"wp-block-social-links has-normal-icon-size is-style-logos-only is-content-justification-space-between is-layout-flex wp-container-core-social-links-is-layout-b2891da8 wp-block-social-links-is-layout-flex\"><li class=\"wp-social-link wp-social-link-whatsapp  wp-block-social-link\"><a href=\"https:\/\/wa.me\/message\/CTDUEUOHQPQ6H1\" class=\"wp-block-social-link-anchor\"><svg width=\"24\" height=\"24\" viewBox=\"0 0 24 24\" version=\"1.1\" xmlns=\"http:\/\/www.w3.org\/2000\/svg\" aria-hidden=\"true\" focusable=\"false\"><path d=\"M 12.011719 2 C 6.5057187 2 2.0234844 6.478375 2.0214844 11.984375 C 2.0204844 13.744375 2.4814687 15.462563 3.3554688 16.976562 L 2 22 L 7.2324219 20.763672 C 8.6914219 21.559672 10.333859 21.977516 12.005859 21.978516 L 12.009766 21.978516 C 17.514766 21.978516 21.995047 17.499141 21.998047 11.994141 C 22.000047 9.3251406 20.962172 6.8157344 19.076172 4.9277344 C 17.190172 3.0407344 14.683719 2.001 12.011719 2 z M 12.009766 4 C 14.145766 4.001 16.153109 4.8337969 17.662109 6.3417969 C 19.171109 7.8517969 20.000047 9.8581875 19.998047 11.992188 C 19.996047 16.396187 16.413812 19.978516 12.007812 19.978516 C 10.674812 19.977516 9.3544062 19.642812 8.1914062 19.007812 L 7.5175781 18.640625 L 6.7734375 18.816406 L 4.8046875 19.28125 L 5.2851562 17.496094 L 5.5019531 16.695312 L 5.0878906 15.976562 C 4.3898906 14.768562 4.0204844 13.387375 4.0214844 11.984375 C 4.0234844 7.582375 7.6067656 4 12.009766 4 z M 8.4765625 7.375 C 8.3095625 7.375 8.0395469 7.4375 7.8105469 7.6875 C 7.5815469 7.9365 6.9355469 8.5395781 6.9355469 9.7675781 C 6.9355469 10.995578 7.8300781 12.182609 7.9550781 12.349609 C 8.0790781 12.515609 9.68175 15.115234 12.21875 16.115234 C 14.32675 16.946234 14.754891 16.782234 15.212891 16.740234 C 15.670891 16.699234 16.690438 16.137687 16.898438 15.554688 C 17.106437 14.971687 17.106922 14.470187 17.044922 14.367188 C 16.982922 14.263188 16.816406 14.201172 16.566406 14.076172 C 16.317406 13.951172 15.090328 13.348625 14.861328 13.265625 C 14.632328 13.182625 14.464828 13.140625 14.298828 13.390625 C 14.132828 13.640625 13.655766 14.201187 13.509766 14.367188 C 13.363766 14.534188 13.21875 14.556641 12.96875 14.431641 C 12.71875 14.305641 11.914938 14.041406 10.960938 13.191406 C 10.218937 12.530406 9.7182656 11.714844 9.5722656 11.464844 C 9.4272656 11.215844 9.5585938 11.079078 9.6835938 10.955078 C 9.7955938 10.843078 9.9316406 10.663578 10.056641 10.517578 C 10.180641 10.371578 10.223641 10.267562 10.306641 10.101562 C 10.389641 9.9355625 10.347156 9.7890625 10.285156 9.6640625 C 10.223156 9.5390625 9.737625 8.3065 9.515625 7.8125 C 9.328625 7.3975 9.131125 7.3878594 8.953125 7.3808594 C 8.808125 7.3748594 8.6425625 7.375 8.4765625 7.375 z\"><\/path><\/svg><span class=\"wp-block-social-link-label screen-reader-text\">WhatsApp<\/span><\/a><\/li><\/ul>\n\n\n\n<p>et aussi par voix les jours d&rsquo;ouverture:<br>Vendredi soir, samedi, dimanche, lundi, mardi.<br>Toute r\u00e9servation sera finalis\u00e9e par une confirmation de notre part<br>table de 1 \u00e0 6 personnes maximum.<br><\/p>\n\n\n\n<p><strong>chaque personne ayant acc\u00e8s \u00e0 un si\u00e8ge de l&rsquo;\u00e9tablissement ne pourra consommer que :<br>deux entr\u00e9es, un plat et un dessert au maximum<br>(d\u00e9rogation possible pour le fromage)<br>en l&rsquo;arrosant de toutes les boissons disponibles sur place<br>ou<br>deux entr\u00e9es ou un plat (au minimum)<br>en l&rsquo;arrosant de toutes les boissons disponibles sur place<br>ou<br>devra s\u2019acquitter de vingt euros<\/strong><\/p>\n\n\n\n<p>SERVICE<strong> COMPRIS (pourboire fortement admis \ud83d\ude09<\/strong><\/p>\n\n\n\n<p>Petite \u00e9quipe, petits horaires<\/p>\n\n\n\n<p>service du d\u00e9jeuner, arriv\u00e9 de 12.15 \u00e0 13h et quelques minutes<br>fermeture \u00e0 15h<br>&amp;<br>service du d\u00eener, arriv\u00e9 de 19.30 \u00e0 20h et quelques minutes<br>fermeture \u00e0 23h<br>le temps d\u2019ouverture (des services) du restaurant peut para\u00eetre court mais il ne repr\u00e9sente qu\u2019une infime partie de notre travail, ma vie tout enti\u00e8re y est d\u00e9vou\u00e9e (litt\u00e9ralement) , alors j\u2019esp\u00e8re que vous comprendrez cette fa\u00e7on de faire et que cela vous touchera<br>et comme \u00e7a, on met toutes les chances de notre c\u00f4t\u00e9\u2026pour que nous vivions ensemble un tr\u00e8s bon moment ICI<\/p>\n\n\n\n<p><\/p>\n","protected":false},"excerpt":{"rendered":"<p>avertissements pour ne pas faire d&rsquo;erreurs de casting\u2026 Si vous aimez les viandes un peu grasses, si vous aimez les viandes et les poissons pas trop cuits, si vous aimez le beurre, si vous avez un bon app\u00e9tit, si vous n&rsquo;aimez pas le coca cola, si vous n&rsquo;aimez pas les plats relev\u00e9s et si vous [&hellip;]<\/p>\n","protected":false},"author":2,"featured_media":0,"parent":0,"menu_order":1,"comment_status":"closed","ping_status":"closed","template":"template","meta":{"footnotes":""},"class_list":["post-72","page","type-page","status-publish","hentry"],"_links":{"self":[{"href":"https:\/\/www.amarante.paris\/index.php?rest_route=\/wp\/v2\/pages\/72","targetHints":{"allow":["GET"]}}],"collection":[{"href":"https:\/\/www.amarante.paris\/index.php?rest_route=\/wp\/v2\/pages"}],"about":[{"href":"https:\/\/www.amarante.paris\/index.php?rest_route=\/wp\/v2\/types\/page"}],"author":[{"embeddable":true,"href":"https:\/\/www.amarante.paris\/index.php?rest_route=\/wp\/v2\/users\/2"}],"replies":[{"embeddable":true,"href":"https:\/\/www.amarante.paris\/index.php?rest_route=%2Fwp%2Fv2%2Fcomments&post=72"}],"version-history":[{"count":50,"href":"https:\/\/www.amarante.paris\/index.php?rest_route=\/wp\/v2\/pages\/72\/revisions"}],"predecessor-version":[{"id":755,"href":"https:\/\/www.amarante.paris\/index.php?rest_route=\/wp\/v2\/pages\/72\/revisions\/755"}],"wp:attachment":[{"href":"https:\/\/www.amarante.paris\/index.php?rest_route=%2Fwp%2Fv2%2Fmedia&parent=72"}],"curies":[{"name":"wp","href":"https:\/\/api.w.org\/{rel}","templated":true}]}}